{"id":757,"date":"2021-03-09T18:19:34","date_gmt":"2021-03-09T21:19:34","guid":{"rendered":"https:\/\/agenciaflores.cl\/wpn\/?page_id=757"},"modified":"2022-08-11T00:30:17","modified_gmt":"2022-08-11T03:30:17","slug":"quines-somos","status":"publish","type":"page","link":"https:\/\/agenciaflores.cl\/wpn\/quines-somos\/","title":{"rendered":"\u00bfQuines Somos?"},"content":{"rendered":"\n\t\t\t<h3>\u00bfQUIENES SOMOS?<\/h3>\t\t\t\n\t\t\t\t\n\t\t\t<h3>\u00bfQUIENES SOMOS?<\/h3>\t\t\t\n\t\t\t\t\n\t\t\t<h3>Agencia de Aduanas Rafael Flores Cuellar y C\u00eda. Ltda.<\/h3>\t\t\t\n\t\t\t\t\n\t\t\t\t<img src=\"https:\/\/agenciaflores.cl\/wpn\/wp-content\/uploads\/2022\/08\/Quienes-Somos_01.jpg\" alt=\"Quienes Somos_01\" itemprop=\"image\"\/>\n\t\t\t\t<p>Fundada en 1964 por <strong>Don Rafael Flores Cuellar<\/strong>, quien desde entonces ha tenido una activa y protag\u00f3nica participaci\u00f3n en el comercio exterior. En el a\u00f1o 1994 se integra a nuestro equipo un segundo agente de aduanas, Don Rafael Gerardo Flores Loo, desarrollando y adquiriendo en conjunto, vasta experiencia en el \u00e1mbito de las importaciones y exportaciones, lo que nos ha permitido proporcionar un trabajo de calidad de manera eficiente, transparente y personalizado a nuestros clientes. En el a\u00f1o 2016 se incorpora al equipo un nuevo Agente de Aduanas, Do\u00f1a Valeria Flores Pardo, contando al d\u00eda de hoy con 3 Agentes de Aduanas Activos y al servicio de nuestros Clientes. Hoy contamos con m\u00e1s de 80 colaboradores, quienes operan en nuestras sucursales a lo largo del pa\u00eds, manteniendo una gran presencia nacional.<\/p>\n\t\t\t\t\n<p>En estos m\u00e1s de 50 a\u00f1os al servicio del comercio exterior hemos mantenido un f\u00e9rreo compromiso con el mejoramiento permanente y continuo, por lo que hemos estado a la vanguardia de la tecnolog\u00eda, implementando los m\u00e1s modernos sistemas inform\u00e1ticos y hemos certificado nuestro Sistema de Gesti\u00f3n de Calidad con la NORMA ISO 9001 con el fin de brindar a nuestros clientes el mejor servicio.<\/p>\n\t\t\t\t<img src=\"https:\/\/agenciaflores.cl\/wpn\/wp-content\/uploads\/2022\/08\/Quienes-Somos_01.jpg\" alt=\"Quienes Somos_01\" itemprop=\"image\"\/>\n\t\t\t\t<p>Fundada en 1964 por <strong>Don Rafael Flores Cuellar<\/strong>, quien desde entonces ha tenido una activa y protag\u00f3nica participaci\u00f3n en el comercio exterior. En el a\u00f1o 1994 se integra a nuestro equipo un segundo agente de aduanas, Don Rafael Gerardo Flores Loo, desarrollando y adquiriendo en conjunto vasta experiencia en el \u00e1mbito de las importaciones y exportaciones, lo que nos ha permitido proporcionar un trabajo de calidad de manera eficiente, transparente y personalizado a nuestros clientes. En el a\u00f1o 2016 se incorpora al equipo un nuevo Agente de Aduanas, Do\u00f1a Valeria Flores Pardo, contando al d\u00eda de hoy con 3 Agentes de Aduanas Activos y al servicio de nuestros Clientes. Hoy contamos con m\u00e1s de 80 colaboradores, quienes operan en nuestras sucursales a lo largo del pa\u00eds, manteniendo una gran presencia nacional.<\/p>\n\t\t\t\t<p>En estos m\u00e1s de 50 a\u00f1os al servicio del comercio exterior hemos mantenido un f\u00e9rreo compromiso con el mejoramiento permanente y continuo, por lo que hemos estado a la vanguardia de la tecnolog\u00eda, implementando los m\u00e1s modernos sistemas inform\u00e1ticos y hemos certificado nuestro Sistema de Gesti\u00f3n de Calidad con la NORMA ISO 9001 con el fin de brindar a nuestros clientes el mejor servicio.<\/p>\n\t\t\t<h3>MISI\u00d3N<\/h3>\t\t\t\n\t\t\t\t<p>Brindar a nuestros clientes un servicio integral y personalizado de comercio exterior, transform\u00e1ndonos en un eslab\u00f3n estrat\u00e9gico de la cadena log\u00edstica, poniendo al servicio de nuestros clientes un equipo humano especializado y comprometido con sus necesidades.<\/p>\n\t\t\t<h3>VISI\u00d3N<\/h3>\t\t\t\n\t\t\t\t<p>Crear una alianza estrat\u00e9gica con nuestros clientes en el \u00e1mbito del comercio exterior y de los servicios aduaneros que les permitan desarrollar al m\u00e1ximo sus ventajas competitivas, dentro del marco normativo vigente y s\u00f3lidos valores \u00e9ticos. Manteni\u00e9ndonos en permanente perfeccionamiento con el fin de desarrollar nuestras habilidades para mantener el servicio de excelencia que nos ha caracterizado hasta hoy.<\/p>\n","protected":false},"excerpt":{"rendered":"<p>\u00bfQUIENES SOMOS? \u00bfQUIENES SOMOS? Agencia de Aduanas Rafael Flores Cuellar y C\u00eda. Ltda. Fundada en 1964 por Don Rafael Flores Cuellar, quien desde entonces ha tenido una activa y protag\u00f3nica participaci\u00f3n en el comercio exterior. En el a\u00f1o 1994 se integra a nuestro equipo un segundo agente de aduanas, Don Rafael Gerardo Flores Loo, desarrollando&hellip;<\/p>\n","protected":false},"author":2,"featured_media":0,"parent":0,"menu_order":0,"comment_status":"closed","ping_status":"closed","template":"","meta":[],"_links":{"self":[{"href":"https:\/\/agenciaflores.cl\/wpn\/wp-json\/wp\/v2\/pages\/757"}],"collection":[{"href":"https:\/\/agenciaflores.cl\/wpn\/wp-json\/wp\/v2\/pages"}],"about":[{"href":"https:\/\/agenciaflores.cl\/wpn\/wp-json\/wp\/v2\/types\/page"}],"author":[{"embeddable":true,"href":"https:\/\/agenciaflores.cl\/wpn\/wp-json\/wp\/v2\/users\/2"}],"replies":[{"embeddable":true,"href":"https:\/\/agenciaflores.cl\/wpn\/wp-json\/wp\/v2\/comments?post=757"}],"version-history":[{"count":59,"href":"https:\/\/agenciaflores.cl\/wpn\/wp-json\/wp\/v2\/pages\/757\/revisions"}],"predecessor-version":[{"id":1270,"href":"https:\/\/agenciaflores.cl\/wpn\/wp-json\/wp\/v2\/pages\/757\/revisions\/1270"}],"wp:attachment":[{"href":"https:\/\/agenciaflores.cl\/wpn\/wp-json\/wp\/v2\/media?parent=757"}],"curies":[{"name":"wp","href":"https:\/\/api.w.org\/{rel}","templated":true}]}}