{"id":273,"date":"2019-03-13T22:35:23","date_gmt":"2019-03-14T01:35:23","guid":{"rendered":"https:\/\/agenciaflores.cl\/wpn\/?page_id=273"},"modified":"2022-08-08T00:02:34","modified_gmt":"2022-08-08T03:02:34","slug":"pruebas","status":"publish","type":"page","link":"https:\/\/agenciaflores.cl\/wpn\/","title":{"rendered":"Home"},"content":{"rendered":"\n\t\t\t<h3>RAFAEL FLORES CUELLAR Y CIA. LTDA.<\/h3>\t\t\t\n\t\t\t\t<p>AGENCIA DE ADUANAS<br \/>Talcahuano | Chile<\/p>\n\t\t\t<h3>RAFAEL FLORES CUELLAR Y CIA. LTDA.<\/h3>\t\t\t\n\t\t\t\t<p>AGENCIA DE ADUANAS<br \/>Talcahuano | Chile<\/p>\n\t\t\t<h3>SERVICIOS<\/h3>\t\t\t\n\t\t\t\t\n\t\t\t\t<a href=\"https:\/\/agenciaflores.cl\/wpn\/servicios\/\" target=\"_self\" itemprop=\"url\" rel=\"noopener\">\n\t\t\t\t<img loading=\"lazy\" src=\"https:\/\/agenciaflores.cl\/wpn\/wp-content\/uploads\/2022\/07\/john-mcarthur-X_MOr6oa4-k-unsplash.jpg\" alt=\"john-mcarthur-X_MOr6oa4-k-unsplash\" itemprop=\"image\" height=\"1257\" width=\"1920\" title=\"john-mcarthur-X_MOr6oa4-k-unsplash\" onerror=\"this.style.display='none'\"  \/>\n\t\t\t\t<\/a>\n\t\t\t<h3>IMPORTACIONES<\/h3>\t\t\t\n\t\t\t\t<p><a href=\"https:\/\/agenciaflores.cl\/wpn\/servicios\/\"><\/a><\/p>\n\t\t\t\t<img src=\"https:\/\/agenciaflores.cl\/wpn\/wp-content\/uploads\/bb-plugin\/cache\/athanasios-papazacharias-0J8hoI5aW_Q-unsplash-circle.jpg\" alt=\"athanasios-papazacharias-0J8hoI5aW_Q-unsplash\" itemprop=\"image\"\/>\n\t\t\t<h3>EXPORTACIONES<\/h3>\t\t\t\n\t\t\t\t\n\t\t\t\t<img src=\"https:\/\/agenciaflores.cl\/wpn\/wp-content\/uploads\/bb-plugin\/cache\/gabrielle-henderson-HJckKnwCXxQ-unsplash-circle.jpg\" alt=\"gabrielle-henderson-HJckKnwCXxQ-unsplash\" itemprop=\"image\"\/>\n\t\t\t<h3>ASESORIA LEGAL<\/h3>\t\t\t\n\t\t\t\t\n\t\t\t\t<img src=\"https:\/\/agenciaflores.cl\/wpn\/wp-content\/uploads\/bb-plugin\/cache\/headway-5QgIuuBxKwM-unsplash-circle.jpg\" alt=\"headway-5QgIuuBxKwM-unsplash\" itemprop=\"image\"\/>\n\t\t\t<h3>SERVICIOS COMPLEMENTARIOS<\/h3>\t\t\t\n\t\t\t\t\n\t\t\t<h3>SERVICIOS<\/h3>\t\t\t\n\t\t\t\t\n\t\t\t\t<img src=\"https:\/\/agenciaflores.cl\/wpn\/wp-content\/uploads\/bb-plugin\/cache\/john-mcarthur-X_MOr6oa4-k-unsplash-circle.jpg\" alt=\"john-mcarthur-X_MOr6oa4-k-unsplash\" itemprop=\"image\"\/>\n\t\t\t<h3>IMPORTACIONES<\/h3>\t\t\t\n\t\t\t\t<p><a href=\"https:\/\/agenciaflores.cl\/wpn\/servicios\/\"><\/p>\n<p><\/a><\/p>\n\t\t\t\t<img src=\"https:\/\/agenciaflores.cl\/wpn\/wp-content\/uploads\/bb-plugin\/cache\/athanasios-papazacharias-0J8hoI5aW_Q-unsplash-circle.jpg\" alt=\"athanasios-papazacharias-0J8hoI5aW_Q-unsplash\" itemprop=\"image\"\/>\n\t\t\t<h3>EXPORTACIONES<\/h3>\t\t\t\n\t\t\t\t\n\t\t\t\t<img src=\"https:\/\/agenciaflores.cl\/wpn\/wp-content\/uploads\/bb-plugin\/cache\/gabrielle-henderson-HJckKnwCXxQ-unsplash-circle.jpg\" alt=\"gabrielle-henderson-HJckKnwCXxQ-unsplash\" itemprop=\"image\"\/>\n\t\t\t<h3>ASESORIA LEGAL<\/h3>\t\t\t\n\t\t\t\t\n\t\t\t\t<img src=\"https:\/\/agenciaflores.cl\/wpn\/wp-content\/uploads\/bb-plugin\/cache\/headway-5QgIuuBxKwM-unsplash-circle.jpg\" alt=\"headway-5QgIuuBxKwM-unsplash\" itemprop=\"image\"\/>\n\t\t\t<h3>SERVICIOS COMPLEMENTARIOS<\/h3>\t\t\t\n\t\t\t\t\n\t\t\t\t\t\t\t\t\t\t\t<img src=\"https:\/\/agenciaflores.cl\/wpn\/wp-content\/uploads\/2022\/08\/Sistemas01_edit.jpg\" alt=\"Sistemas01_edit\">\n\t\t\t\t\t\n\t\t\t<a href=\"https:\/\/www.sicert.cl\/importaciones\/index_importaciones.php\" target=\"_blank\" rel=\"noopener\" role=\"button\">\n\t\t\t\t\t\t\tIngrese Aqu\u00ed\n\t\t<\/a>\n\t\t\t\t\t\t<h3>\n\t\t\t\t\t\tSistema de Importaciones\t\t<\/h3>\n\t\t\t\t\t\t\t\t\t\t\t<img src=\"https:\/\/agenciaflores.cl\/wpn\/wp-content\/uploads\/2022\/08\/Sistemas03_edit.jpg\" alt=\"Sistemas03_edit\">\n\t\t\t\t\t\n\t\t\t<a href=\"https:\/\/rafaelflores.editrade.cl\/SigadGestionAduaneraRafaelFlores\/\" target=\"_blank\" rel=\"noopener\" role=\"button\">\n\t\t\t\t\t\t\tIngrese Aqu\u00ed\n\t\t<\/a>\n\t\t\t\t\t\t<h3>\n\t\t\t\t\t\tSigadWeb\t\t<\/h3>\n\t\t\t\t\t\t\t\t\t\t\t<img src=\"https:\/\/agenciaflores.cl\/wpn\/wp-content\/uploads\/2022\/08\/Sistemas02_edit.jpg\" alt=\"Sistemas02_edit\">\n\t\t\t\t\t\n\t\t\t<a href=\"https:\/\/www.agenciaflorescertificacion.cl\/\" target=\"_blank\" rel=\"noopener\" role=\"button\">\n\t\t\t\t\t\t\tIngrese Aqu\u00ed\n\t\t<\/a>\n\t\t\t\t\t\t<h3>\n\t\t\t\t\t\tSistema de Certificaci\u00f3n\t\t<\/h3>\n\t\t\t\t\t\t\t\t\t\t\t<img src=\"https:\/\/agenciaflores.cl\/wpn\/wp-content\/uploads\/2022\/08\/Sistemas04_edit.jpg\" alt=\"Sistemas04_edit\">\n\t\t\t\t\t\n\t\t\t<a href=\"https:\/\/carpetaelectronica.editrade.cl\/CarpetaElectronica-war\/App\/Menu\/menu.jsp\" target=\"_blank\" rel=\"noopener\" role=\"button\">\n\t\t\t\t\t\t\tIngrese Aqu\u00ed\n\t\t<\/a>\n\t\t\t\t\t\t<h3>\n\t\t\t\t\t\tCarpetas Electr\u00f3nicas\t\t<\/h3>\n\t\t\t\t\t\t\t\t\t\t\t\t\t\t\t\t\t<a href=\"https:\/\/agenciaflores.cl\/wpn\/wp-content\/uploads\/2021\/03\/Fotomontaje-01-2100x1228.jpg\" target=\"_self\" data-caption=\"\" rel=\"noopener\">\n\t\t\t\t\t\t\t\t\t\t\t<!-- Overlay Wrapper -->\n\t\t\t\t\t\t <!-- Overlay Wrapper Closed -->\n\t\t\t\t\t\t\t\t\t\t<\/a>\n\t\t\t\t\t\t\t\t\t\t\t\t\t\t\t\t\t<a href=\"https:\/\/agenciaflores.cl\/wpn\/wp-content\/uploads\/2021\/03\/Fotomontaje-02-2100x1228.jpg\" target=\"_self\" data-caption=\"\" rel=\"noopener\">\n\t\t\t\t\t\t\t\t\t\t\t<!-- Overlay Wrapper -->\n\t\t\t\t\t\t <!-- Overlay Wrapper Closed -->\n\t\t\t\t\t\t\t\t\t\t<\/a>\n\t\t\t\t\t\t\t\t\t\t\t\t\t\t\t\t\t<a href=\"https:\/\/agenciaflores.cl\/wpn\/wp-content\/uploads\/2021\/03\/Fotomontaje-03-2100x1228.jpg\" target=\"_self\" data-caption=\"\" rel=\"noopener\">\n\t\t\t\t\t\t\t\t\t\t\t<!-- Overlay Wrapper -->\n\t\t\t\t\t\t <!-- Overlay Wrapper Closed -->\n\t\t\t\t\t\t\t\t\t\t<\/a>\n\t\t\t\t\t\t\t\t\t\t\t\t\t\t\t\t\t<a href=\"https:\/\/agenciaflores.cl\/wpn\/wp-content\/uploads\/2021\/03\/Fotomontaje-05-2100x1228.jpg\" target=\"_self\" data-caption=\"\" rel=\"noopener\">\n\t\t\t\t\t\t\t\t\t\t\t<!-- Overlay Wrapper -->\n\t\t\t\t\t\t <!-- Overlay Wrapper Closed -->\n\t\t\t\t\t\t\t\t\t\t<\/a>\n\t\t\t\t\t\t\t\t\t\t\t\t\t\t\t\t\t<a href=\"https:\/\/agenciaflores.cl\/wpn\/wp-content\/uploads\/2021\/03\/Fotomontaje-06-2100x1228.jpg\" target=\"_self\" data-caption=\"\" rel=\"noopener\">\n\t\t\t\t\t\t\t\t\t\t\t<!-- Overlay Wrapper -->\n\t\t\t\t\t\t <!-- Overlay Wrapper Closed -->\n\t\t\t\t\t\t\t\t\t\t<\/a>\n\t\t\t\t\t\t\t\t<!-- pagination -->\n\t","protected":false},"excerpt":{"rendered":"<p>RAFAEL FLORES CUELLAR Y CIA. LTDA. AGENCIA DE ADUANASTalcahuano | Chile RAFAEL FLORES CUELLAR Y CIA. LTDA. AGENCIA DE ADUANASTalcahuano | Chile SERVICIOS IMPORTACIONES EXPORTACIONES ASESORIA LEGAL SERVICIOS COMPLEMENTARIOS SERVICIOS IMPORTACIONES EXPORTACIONES ASESORIA LEGAL SERVICIOS COMPLEMENTARIOS Ingrese Aqu\u00ed Sistema de Importaciones Ingrese Aqu\u00ed SigadWeb Ingrese Aqu\u00ed Sistema de Certificaci\u00f3n Ingrese Aqu\u00ed Carpetas Electr\u00f3nicas<\/p>\n","protected":false},"author":1,"featured_media":0,"parent":0,"menu_order":0,"comment_status":"closed","ping_status":"closed","template":"","meta":[],"_links":{"self":[{"href":"https:\/\/agenciaflores.cl\/wpn\/wp-json\/wp\/v2\/pages\/273"}],"collection":[{"href":"https:\/\/agenciaflores.cl\/wpn\/wp-json\/wp\/v2\/pages"}],"about":[{"href":"https:\/\/agenciaflores.cl\/wpn\/wp-json\/wp\/v2\/types\/page"}],"author":[{"embeddable":true,"href":"https:\/\/agenciaflores.cl\/wpn\/wp-json\/wp\/v2\/users\/1"}],"replies":[{"embeddable":true,"href":"https:\/\/agenciaflores.cl\/wpn\/wp-json\/wp\/v2\/comments?post=273"}],"version-history":[{"count":248,"href":"https:\/\/agenciaflores.cl\/wpn\/wp-json\/wp\/v2\/pages\/273\/revisions"}],"predecessor-version":[{"id":1181,"href":"https:\/\/agenciaflores.cl\/wpn\/wp-json\/wp\/v2\/pages\/273\/revisions\/1181"}],"wp:attachment":[{"href":"https:\/\/agenciaflores.cl\/wpn\/wp-json\/wp\/v2\/media?parent=273"}],"curies":[{"name":"wp","href":"https:\/\/api.w.org\/{rel}","templated":true}]}}